hat is the hundred thousands digit of 128953420?
9
What is the hundreds digit of 617194280?
2
What is the hundreds digit of 29219562?
5
What is the ten thousands digit of 1167287715?
8
What is the tens digit of 40107484?
8
What is the hundred thousands digit of 54518060?
5
What is the units digit of 733866977?
7
What is the ten thousands digit of 181384175?
8
What is the thousands digit of 732737962?
7
What is the millions digit of 1631295289?
1
What is the billions digit of 2820026896?
2
What is the millions digit of 64059434?
4
What is the hundred thousands digit of 3995236429?
2
What is the millions digit of 105556028?
5
What is the thousands digit of 1908873052?
3
What is the ten thousands digit of 1186881186?
8
What is the ten millions digit of 5595253338?
9
What is the thousands digit of 439436004?
6
What is the ten millions digit of 3490255834?
9
What is the tens digit of 327867367?
6
What is the millions digit of 1573321527?
3
What is the ten thousands digit of 524508982?
0
What is the hundred millions digit of 255333498?
2
What is the hundreds digit of 46231061?
0
What is the ten thousands digit of 952555922?
5
What is the millions digit of 104967252?
4
What is the millions digit of 43144809?
3
What is the ten millions digit of 189140165?
8
What is the ten thousands digit of 151644308?
4
What is the thousands digit of 117452329?
2
What is the tens digit of 978831952?
5
What is the hundred millions digit of 497924554?
4
What is the hundreds digit of 9512155?
1
What is the hundreds digit of 1258401392?
3
What is the thousands digit of 1150716967?
6
What is the billions digit of 1319689100?
1
What is the ten millions digit of 28720876?
2
What is the hundred thousands digit of 322005358?
0
What is the hundred thousands digit of 84961507?
9
What is the units digit of 1170036111?
1
What is the thousands digit of 102410289?
0
What is the millions digit of 425771828?
5
What is the tens digit of 784077253?
5
What is the ten millions digit of 4069619853?
6
What is the hundred millions digit of 6146568866?
1
What is the hundred thousands digit of 100218505?
2
What is the ten thousands digit of 4919460137?
6
What is the tens digit of 55615700?
0
What is the hundred thousands digit of 316766531?
7
What is the hundred thousands digit of 716485818?
4
What is the tens digit of 14181433?
3
What is the hundred millions digit of 704292999?
7
What is the units digit of 37992455?
5
What is the thousands digit of 68545369?
5
What is the hundred thousands digit of 341203352?
2
What is the tens digit of 179969865?
6
What is the millions digit of 6383168?
6
What is the units digit of 54128160?
0
What is the ten millions digit of 47599882?
4
What is the tens digit of 35916719?
1
What is the ten thousands digit of 746359801?
5
What is the tens digit of 307416766?
6
What is the ten thousands digit of 263586425?
8
What is the units digit of 619887580?
0
What is the millions digit of 1696233718?
6
What is the units digit of 120166187?
7
What is the hundred thousands digit of 8869034?
8
What is the millions digit of 10165024?
0
What is the hundreds digit of 34766557?
5
What is the ten thousands digit of 2422527233?
2
What is the thousands digit of 25733095?
3
What is the hundred thousands digit of 307964409?
9
What is the ten thousands digit of 4832046525?
4
What is the hundred thousands digit of 2037578787?
5
What is the tens digit of 130054772?
7
What is the hundred thousands digit of 1726048512?
0
What is the millions digit of 273573943?
3
What is the hundreds digit of 851308633?
6
What is the millions digit of 229319606?
9
What is the ten thousands digit of 260080681?
8
What is the tens digit of 39588063?
6
What is the units digit of 1066290804?
4
What is the units digit of 78718904?
4
What is the units digit of 31228264?
4
What is the tens digit of 143779329?
2
What is the ten thousands digit of 120378880?
7
What is the hundred millions digit of 3802586471?
8
What is the units digit of 25366269?
9
What is the thousands digit of 196061010?
1
What is the units digit of 1969809592?
2
What is the tens digit of 764487516?
1
What is the billions digit of 5487004262?
5
What is the millions digit of 225182677?
5
What is the thousands digit of 81439429?
9
What is the ten thousands digit of 85410188?
1
What is the thousands digit of 18504156?
4
What is the hundreds digit of 277653416?
4
What is the ten millions digit of 6858846480?
5
What is the hundred thousands digit of 195097650?
0
What is the ten thousands digit of 79599918?
9
What is the tens digit of 128454878?
7
What is the millions digit of 356641121?
6
What is the ten millions digit of 4318446790?
1
What is the ten thousands digit of 777036627?
3
What is the thousands digit of 807335206?
5
What is the ten thousands digit of 532072379?
7
What is the units digit of 547380?
0
What is the hundred thousands digit of 3667357397?
3
What is the ten millions digit of 145653051?
4
What is the ten millions digit of 530570029?
3
What is the tens digit of 6056651326?
2
What is the hundred thousands digit of 3355504?
3
What is the hundred thousands digit of 437614444?
6
What is the hundreds digit of 528067098?
0
What is the ten thousands digit of 23491754?
9
What is the tens digit of 123134647?
4
What is the units digit of 1636142069?
9
What is the hundred millions digit of 1429721507?
4
What is the millions digit of 48909321?
8
What is the ten millions digit of 15008819?
1
What is the hundred millions digit of 466220272?
4
What is the ten thousands digit of 230187?
3
What is the ten thousands digit of 1389917088?
1
What is the thousands digit of 49561892?
1
What is the ten thousands digit of 102946598?
4
What is the hundreds digit of 13058978?
9
What is the hundred millions digit of 737765379?
7
What is the units digit of 96097406?
6
What is the hundred millions digit of 264587467?
2
What is the units digit of 18994423?
3
What is the ten millions digit of 27786245?
2
What is the ten millions digit of 540741163?
4
What is the hundred thousands digit of 56884816?
8
What is the units digit of 16046626?
6
What is the ten thousands digit of 82721567?
2
What is the ten thousands digit of 5785588087?
8
What is the ten thousands digit of 784005447?
0
What is the units digit of 1137559036?
6
What is the tens digit of 1318500236?
3
What is the ten thousands digit of 2095311710?
1
What is the hundred thousands digit of 5927776482?
7
What is the hundreds digit of 1254777779?
7
What is the billions digit of 1109893890?
1
What is the hundreds digit of 1525725658?
6
What is the billions digit of 8843760519?
8
What is the ten thousands digit of 167663223?
6
What is the millions digit of 3529585?
3
What is the millions digit of 17292160?
7
What is the millions digit of 1508716545?
8
What is the millions digit of 63867202?
3
What is the ten millions digit of 33018882?
3
What is the ten thousands digit of 280458201?
5
What is the ten millions digit of 72178529?
7
What is the hundred thousands digit of 44666833?
6
What is the ten thousands digit of 111444684?
4
What is the millions digit of 427279194?
7
What is the hundreds digit of 26657371?
3
What is the hundred thousands digit of 773495512?
4
What is the thousands digit of 20539457?
9
What is the units digit of 840801312?
2
What is the tens digit of 1755637798?
9
What is the units digit of 2175523633?
3
What is the ten millions digit of 7136102757?
3
What is the ten millions digit of 66030322?
6
What is the hundreds digit of 1603328692?
6
What is the millions digit of 45103920?
5
What is the ten millions digit of 72127066?
7
What is the ten thousands digit of 381049315?
4
What is the hundreds digit of 2701366907?
9
What is the hundreds digit of 110441165?
1
What is the hundred thousands digit of 502925224?
9
What is the millions digit of 4644916315?
4
What is the thousands digit of 9931621?
1
What is the ten thousands digit of 121287425?
8
What is the hundred thousands digit of 964418515?
4
What is the tens digit of 30462744?
4
What is the hundreds digit of 2777874647?
6
What is the millions digit of 173839235?
3
What is the thousands digit of 32938221?
8
What is the thousands digit of 31209790?
9
What is the ten millions digit of 224440381?
2
What is the thousands digit of 13595614?
5